s 3 a factor of 2620058?
False
Is 92114 a multiple of 11?
True
Is 392182 a multiple of 66?
False
Is 5028478 a multiple of 14?
True
Is 21 a factor of 70707?
True
Does 18 divide 127652?
False
Is 299 a factor of 10421?
False
Is 964502 a multiple of 154?
True
Is 15 a factor of 1190469?
False
Is 2 a factor of 1083560?
True
Is 14 a factor of 10428111?
False
Is 5104 a multiple of 22?
True
Is 9636 a multiple of 22?
True
Is 3162727 a multiple of 116?
False
Is 21 a factor of 21504?
True
Is 1397 a factor of 3173989?
False
Is 20 a factor of 244860?
True
Is 38 a factor of 1458502?
False
Does 66 divide 1661267?
False
Does 36 divide 14371?
False
Is 316 a factor of 150286?
False
Is 124066 a multiple of 59?
False
Does 239 divide 1919080?
False
Is 1262016 a multiple of 42?
True
Is 11 a factor of 1117820?
True
Is 97138 a multiple of 374?
False
Is 20 a factor of 320760?
True
Is 3558400 a multiple of 37?
False
Is 26 a factor of 183110?
False
Is 136 a factor of 2641392?
True
Does 83 divide 386324?
False
Is 5686395 a multiple of 33?
True
Does 309 divide 6627018?
False
Is 40 a factor of 140582?
False
Is 268 a factor of 676880?
False
Is 719624 a multiple of 46?
True
Is 474643 a multiple of 152?
False
Is 32928 a multiple of 168?
True
Is 216 a factor of 6174792?
True
Is 26065 even?
False
Is 236 a factor of 624728?
False
Is 168 a factor of 116928?
True
Does 199 divide 1517176?
True
Does 30 divide 1149201?
False
Does 15 divide 199755?
True
Is 15940313 a multiple of 29?
False
Is 1025073 a multiple of 18?
False
Is 27856 a multiple of 35?
False
Is 613544 a multiple of 40?
False
Is 8 a factor of 67961?
False
Is 174368 a multiple of 269?
False
Is 161 a factor of 3665379?
False
Is 31 a factor of 666965?
True
Does 15 divide 1519151?
False
Is 186 a factor of 4932162?
True
Does 65 divide 5172895?
True
Is 203407 a multiple of 120?
False
Does 323 divide 3271200?
False
Is 33472 a multiple of 64?
True
Is 54 a factor of 294246?
True
Is 580906 a multiple of 35?
False
Is 21 a factor of 285947?
False
Is 455560 a multiple of 13?
False
Is 6990804 a multiple of 116?
False
Is 25806 a multiple of 51?
True
Does 63 divide 139325?
False
Does 242 divide 83006?
True
Is 16 a factor of 4857328?
True
Is 14911 a multiple of 102?
False
Is 11 a factor of 14458066?
False
Is 2021211 a multiple of 9?
True
Is 321920 a multiple of 40?
True
Is 8540 a multiple of 244?
True
Is 9344865 a multiple of 636?
False
Is 182 a factor of 16972319?
False
Is 74105 a multiple of 29?
False
Is 741011 a multiple of 41?
False
Is 372005 a multiple of 5?
True
Is 498168 a multiple of 66?
True
Is 824877 a multiple of 27?
True
Does 82 divide 112002?
False
Is 111 a factor of 12059928?
True
Does 122 divide 380845?
False
Is 3678508 a multiple of 50?
False
Is 235 a factor of 3397598?
False
Does 25 divide 1119568?
False
Is 931780 a multiple of 20?
True
Is 7 a factor of 201180?
True
Is 5 a factor of 22350?
True
Is 15 a factor of 1606935?
True
Does 257 divide 139220?
False
Does 170 divide 32810?
True
Is 6 a factor of 616398?
True
Does 972 divide 4444459?
False
Is 20 a factor of 6409360?
True
Does 107 divide 216782?
True
Is 350 a factor of 9765?
False
Does 40 divide 820104?
False
Is 12 a factor of 3218532?
True
Is 2194446 a multiple of 37?
False
Is 25 a factor of 19754699?
False
Is 409 a factor of 118988?
False
Is 286777 a multiple of 237?
False
Is 15178809 a multiple of 227?
True
Is 13 a factor of 164546?
False
Is 40 a factor of 309080?
True
Is 1014625 a multiple of 32?
False
Is 1994700 a multiple of 1525?
True
Is 2810990 a multiple of 345?
False
Does 21 divide 54688?
False
Does 330 divide 2745270?
True
Is 427 a factor of 1318540?
False
Does 135 divide 10488?
False
Is 150372 a multiple of 6?
True
Is 19 a factor of 571216?
True
Is 24 a factor of 79440?
True
Is 671 a factor of 1217865?
True
Does 5 divide 16076?
False
Is 12 a factor of 4926133?
False
Does 94 divide 4201573?
False
Is 8 a factor of 5509?
False
Does 261 divide 5926291?
False
Is 13 a factor of 45344?
True
Does 62 divide 10866376?
False
Is 222416 a multiple of 5?
False
Is 77891 a multiple of 93?
False
Is 390050 a multiple of 29?
True
Is 92631 a multiple of 388?
False
Is 4 a factor of 6660?
True
Is 2704712 a multiple of 102?
False
Is 129366 a multiple of 18?
True
Is 68832 a multiple of 96?
True
Is 621 a factor of 334098?
True
Does 94 divide 15765?
False
Is 23 a factor of 394841?
True
Is 22 a factor of 965624?
True
Does 238 divide 181753?
False
Is 7 a factor of 1091477?
False
Does 123 divide 71882?
False
Is 678708 a multiple of 12?
True
Is 288305 a multiple of 3?
False
Is 16 a factor of 414415?
False
Is 2331722 a multiple of 16?
False
Is 2918060 a multiple of 20?
True
Does 27 divide 989037?
True
Is 10615435 a multiple of 9?
False
Is 4142347 a multiple of 8?
False
Does 21 divide 78184?
False
Is 74 a factor of 738668?
True
Does 63 divide 3246070?
False
Is 309259 a multiple of 15?
False
Does 23 divide 24832?
False
Does 126 divide 7889016?
False
Does 20 divide 66334?
False
Is 1951326 a multiple of 806?
True
Is 2399873 a multiple of 43?
True
Is 255 a factor of 1470840?
True
Is 177 a factor of 358602?
True
Is 311 a factor of 14950703?
True
Does 18 divide 3433914?
True
Is 706160 a multiple of 9?
False
Does 191 divide 331003?
True
Is 22932 a multiple of 28?
True
Does 43 divide 288223?
False
Does 7 divide 623189?
True
Does 78 divide 1732794?
False
Is 337 a factor of 876200?
True
Is 14194965 a multiple of 8?
False
Does 48 divide 165216?
True
Is 566 a factor of 50384?
False
Is 16 a factor of 741712?
True
Does 316 divide 60450?
False
Does 42 divide 171278?
False
Does 405 divide 1702620?
True
Is 271920 a multiple of 375?
False
Does 63 divide 2341080?
True
Is 43 a factor of 431247?
True
Is 528 a factor of 1539979?
False
Does 18 divide 11612085?
False
Is 686 a factor of 3180296?
True
Is 83 a factor of 4863634?
True
Is 15 a factor of 157129?
False
Is 625742 a multiple of 26?
True
Is 2749 a multiple of 164?
False
Is 116 a factor of 15312?
True
Is 27 a factor of 974997?
True
Is 59348 a multiple of 74?
True
Does 101 divide 2151072?
False
Is 77452 a multiple of 21?
False
Is 31 a factor of 252712?
True
Is 97720 a multiple of 140?
True
Is 176148 a multiple of 12?
True
Is 5 a factor of 5741412?
False
Is 15 a factor of 514993?
False
Is 24 a factor of 132840?
True
Does 2 divide 8918?
True
Is 1502151 a multiple of 31?
False
Does 302 divide 177407?
False
Is 78 a factor of 88359?
False
Does 24 divide 80256?
True
Does 31 divide 797505?
False
Does 184 divide 3111072?
True
Does 182 divide 5278?
True
Does 74 divide 14968187?
False
Is 31032 a multiple of 18?
True
Is 228 a factor of 195762?
False
Is 46926 a multiple of 33?
True
Does 89 divide 1423373?
False
Is 173 a factor of 3048625?
False
Is 60 a factor of 460526?
False
Is 95119 a multiple of 6?
False
Is 89 a factor of 168021?
False
Is 1531965 a multiple of 271?
False
Is 11 a factor of 1547766?
True
Is 12 a factor of 145537?
False
Is 252517 a multiple of 46?
False
Is 35785 a multiple of 17?
True
Is 591 a factor of 432021?
True
Is 4147804 a multiple of 29?
False
Does 29 divide 1245550?
True
Is 56 a factor of 1034849?
False
Does 23 divide 11822?
True
Is 133 a factor of 2917222?
True
Does 228 divide 47424?
True
Does 23 divide 56787?
True
Is 25 a factor of 2017300?
True
Is 352 a factor of 308530?
False
Is 15 a factor of 18559?
False
Is 95 a factor of 3326045?
True
Is 63 a factor of 69993?
True
Does 28 divide 373212?
True
Is 228 a factor of 6175077?
False
Does 86 divide 484008?
True
Does 44 divide 4724896?
True
Is 3835876 a multiple of 231?
False
Is 91 a factor of 1896349?
True
Does 86 divide 167700?
True
Is 12 a factor of 7519370?
False
Is 579 a factor of 1702065?
False
Does 3 divide 139974?
True
Is 457231 a multiple of 13?
False
Is 341716 a multiple of 723?
False
Is 233 a factor of 9603794?
True
Does 22 divide 168432?
True
Is 196512 a multiple of 23?
True
Is 88387 a multiple of 48?
False
Is 67575 a multiple of 15?
True
Does 18 divide 56574?
True
Does 304 divide 966720?
True
Does 16 divide 1520104?
False
Is 22575 a multiple of 43?
True
Is 54 a factor of 4438022?
False
Is 308224 even?
True
Does 24 divide 56304?
True
Is 254 a factor of 11342878?
True
Is 245 a factor of 272506?
False
Does 306 divide 1227978?
True
Does 7 divide 69664?
True
Is 390456 a multiple of 638?